 of c(g).
3, 23
Suppose 323 = 4*d - 813. Suppose -12 = -3*c, 2*u - 1212 - d = c. List the prime factors of u.
2, 3, 5
What are the prime factors of 128/160 + (-812373)/(-15)?
3, 7, 2579
Suppose -89*h = -136*h + 375248. What are the prime factors of h?
2, 499
Let r be -1*((2 - 50) + 0). Let v = 1238 - 950. Suppose -v + r = -5*l. What are the prime factors of l?
2, 3
Suppose -2*r - 2*d + 336 = 0, 0 = 2*r + 5*d - 219 - 108. Suppose -r*q + 288 = -167*q. What are the prime factors of q?
2, 3
Suppose 3*a - 3*h = -8*h + 130, 155 = 5*a - 4*h. What are the prime factors of (-1 - a/(-49)) + (-4395)/(-21)?
11, 19
Let r(m) = 7*m - 11. Let l(x) = -2*x + 4. Let f(u) = 11*l(u) + 4*r(u). Let n(s) = s - 1. Let t(w) = f(w) - 5*n(w). What are the prime factors of t(13)?
2, 3
Let j(r) be the second derivative of r**3/6 - 6*r**2 - 16*r. Let s be j(18). Suppose 255 = s*t - 261. List the prime factors of t.
2, 43
Let p = 29228 + -15888. What are the prime factors of p?
2, 5, 23, 29
Let y = 275 + -241. Suppose y*a = 38*a - 1028. List the prime factors of a.
257
Let j(b) = 49*b**2 - 5*b - 7. Let f = 23 - 25. List the prime factors of j(f).
199
Let d be (21/28)/(-3) - 1/(-4). Suppose d = 3*k - 3*w - 835 - 350, -12 = -3*w. List the prime factors of k.
3, 7, 19
Let r(f) = -2*f**2 - 14*f + 6. Let d be r(-7). Let z(y) = 4*y**2 + 12*y - 29. List the prime factors of z(d).
11, 17
Let c = 46999 - 14852. List the prime factors of c.
17, 31, 61
Let k(q) = q**2 + 11*q - 8. Let b be k(-7). Let t = b - -48. Suppose 7*m - 30 = t. What are the prime factors of m?
2, 3
Suppose 0 = -8*p - 3*p + 84579. Suppose -p = -27*h - 615. List the prime factors of h.
2, 131
Let u be (1 - (-55)/15)*3. Suppose -16*n = -9*n - u. What are the prime factors of (-1)/n + 2020/40?
2, 5
Suppose 80*r - 665475 = 5*r. List the prime factors of r.
19, 467
Suppose -37*a + 18330 = -32*a + 5*f, 4*a + f - 14667 = 0. List the prime factors of a.
19, 193
Let x be 220/(-4)*(1 + -4)/3. List the prime factors of (63*x)/5 - 5.
2, 43
Let z(d) = 37*d**3 - 17*d - 6. Let q be z(3). Let v = q - 187. What are the prime factors of v?
5, 151
Suppose 0 = 6*p - 13*p + 14. Let i be p*2/(-4)*-106. Let n = -58 + i. What are the prime factors of n?
2, 3
Suppose -20*s + 72*s = -28*s + 186000. List the prime factors of s.
3, 5, 31
Let w(h) = 2*h**2 + 37*h + 161. Let k be w(-26). Suppose -2*s + 1149 = -k. List the prime factors of s.
2, 5, 17
Let k be 2/(-3) - (-186)/9. Let l = -73 + 149. Let i = l - k. What are the prime factors of i?
2, 7
What are the prime factors of 68/8*4144/((-24)/(-6))?
2, 7, 17, 37
Suppose 2*o - 59791 = -c, -c - 3*o + 66543 = 6758. List the prime factors of c.
79, 757
Let s be (-1 - -2)*(-32 - -29). Let z be (3/9)/(-1)*-9. What are the prime factors of s/(z/(3 + -60))?
3, 19
Let l be 10*3/180 - 81701/(-6). Suppose 35*m = -16*m + l. What are the prime factors of m?
3, 89
Let v(p) = p**2 - 21*p + 3. Let l be v(21). Suppose -2498 = -3*u + 2*g, -l*g - 4166 = -5*u - g. What are the prime factors of u?
2, 3, 139
Let y(b) = b**2 - 13*b - 85. Let n be y(18). Suppose 2*v + k = 1941, n*k - 20 + 25 = 0. What are the prime factors of v?
971
Suppose -1437827 = -34*x - 451079. List the prime factors of x.
2, 3, 7, 691
Let y = -90118 + 171108. What are the prime factors of y?
2, 5, 7, 13, 89
Suppose 0 = -0*k - 7*k + 28. Suppose -2*g - k*g + 2940 = 0. Suppose 4*r - g = -2. List the prime factors of r.
2, 61
Let o be 12/5*(-58705)/118. What are the prime factors of o/9*(-4 - 2)?
2, 199
Suppose 0 = -5*l + 3*i + 15, -l + 2*i + 3 = 0. Suppose l*w = -12, 4*w - 76 = -3*h + 136. Suppose 2*n + 2*x = 4*x + 72, 2*n - h = x. List the prime factors of n.
2, 5
Let y = -595 + 619. Suppose 0 = 2*n + 6, -y*l = -19*l + 5*n - 7240. What are the prime factors of l?
1451
Let i = -29 - -37. Let g(c) = -c**3 + 7*c**2 + 8*c + 6. Let t be g(i). List the prime factors of t + -3 + -2 + 1.
2
Suppose -z + 2*c + 7653 = -28193, 2*z - c = 71677. What are the prime factors of z?
2, 17, 31
Let d be 1440/14 - (-24)/168. Let x = 38 + d. List the prime factors of x.
3, 47
Let k be (0 + (-28)/7)*(-4)/8. Suppose 4*q + 0*q - 3*o = 1958, 0 = 4*q - 4*o - 1960. Suppose -m - m = 5*w - q, -197 = -k*w + m. List the prime factors of w.
2, 7
Let v = -33442 + 49503. List the prime factors of v.
16061
Let m(w) = 2*w**2 - w - 3. Let t be m(2). Suppose 0*n = -t*n + 15. Suppose 2*z + 0*z = -2*i + 138, i - 93 = n*z. What are the prime factors of i?
73
Suppose -42 = -11*w - 3*w. What are the prime factors of 76 + (w/4)/(4/(-16))?
73
Let r = 128565 + -87391. What are the prime factors of r?
2, 7, 17, 173
Let g(a) = -72*a - 58. Let i be g(-14). Suppose 0 = 10*z - 9570 - i. What are the prime factors of z?
2, 263
Suppose 5*s = -4*b + 317056, -2*s = 4*b - 180642 - 136438. What are the prime factors of b?
2, 13, 3049
Let n = 268 - 243. What are the prime factors of 259 + 5*-5*(-3)/n?
2, 131
Let d be 1 + 26725/2 - (-6)/12. Suppose d = 53*j - 25485. List the prime factors of j.
733
Suppose -55*s - 40*s + 334368 = -77*s. What are the prime factors of s?
2, 3, 43
Suppose 6*m - 120 = 11*m. List the prime factors of m/(-2)*-8*1/(-2).
2, 3
Let r = -4101 + 2412. Let i = -1118 - r. What are the prime factors of i?
571
Suppose 0 = 2*d - 40*d + 4560. What are the prime factors of ((-16)/(-6))/(((-12)/(-3))/d)?
2, 5
Suppose -46*a + 3*j = -50*a + 158720, -5*j + 39663 = a. What are the prime factors of a?
7, 5669
Let f = -85 - -113. Let b = -28 + f. Suppose 4*x - y - 187 - 518 = b, -3*y - 345 = -2*x. List the prime factors of x.
3, 59
Let n = 38402 + -18704. List the prime factors of n.
2, 3, 7, 67
Let k = -45854 + 71206. List the prime factors of k.
2, 3169
Suppose 4*p + r - 9 = 2, 3*p + 13 = -5*r. Suppose 13*d - j = 17*d - 3011, -p*d - 3*j = -3017. List the prime factors of d.
2, 47
Let z(v) = 8271*v**3 - 3*v**2 - 2*v + 5. What are the prime factors of z(1)?
3, 919
Suppose q = -2*n + 9, 0 = 5*q - 2*q - 4*n - 17. Suppose 47 - q = -c. List the prime factors of 3 - 9/((-36)/c)*-2.
23
Let m(n) = n**3 + 22*n**2 - 102*n - 4. List the prime factors of m(-12).
2, 5, 7, 19
Suppose 51*s + 305407 = 2273701. What are the prime factors of s?
2, 23, 839
Let t = -207 - -227. Let j(r) = r**2 - 4*r - 147. List the prime factors of j(t).
173
Suppose 3*a + a - 314 = -y, 2*y + 152 = 2*a. Suppose 0 = m - 7*m + a. Suppose d - 100 = -2*l, 2*l = 3*d - m + 121. List the prime factors of l.
3, 17
Suppose -5*w - 19768 = -4*p + 34441, 9*p - 122013 = -3*w. List the prime factors of p.
2, 3389
Let w = -310 - -381. Suppose -4*n + 1 = 2*c + 95, 4*n + 8 = 0. Let k = w + c. What are the prime factors of k?
2, 7
Let q(f) = -105*f + 117. Let k(m) = 8*m + 20. Let u be k(-3). What are the prime factors of q(u)?
3, 179
Let h = 56 - 52. Let u(t) = t**3 - 3*t**2 - 2*t - 4. Let q be u(h). Suppose q*n - 312 = n. What are the prime factors of n?
2, 13
Let a(u) = -u**2 + 49*u + 118. Let s be a(38). Suppose 2*x - 6*x = -3*z + 1633, -z + 3*x = -s. List the prime factors of z.
19, 29
Let f be (2616/5)/(24/(-80)). Let b = -976 - f. What are the prime factors of b?
2, 3
Suppose 4*p - 303 = 5*x, -64 = -2*p - 5*x + 95. Let y = p + -53. Let g = 10 + y. List the prime factors of g.
2, 17
Let n(h) = 21 + 39*h - 85*h**2 + 64*h**2 + 25*h**2. List the prime factors of n(8).
19, 31
Let o(a) = a**2 - 27*a + 14. Let y be o(14). Let h = 75 - 364. Let v = y - h. List the prime factors of v.
11
Suppose 6347*s = 6355*s - 35936. What are the prime factors of s?
2, 1123
Suppose -4*m - 7 + 31 = 0. Suppose -3*i = -2*h - 625, h - 1 + m = 0. Suppose -i - 71 = -4*s. List the prime factors of s.
3, 23
Let d be 14 - (-9 + 11)*(1 + 2). Suppose -d*m + 2040 + 240 = 0. What are the prime factors of m?
3, 5, 19
Let n(m) = 34*m - 303. Let w be n(9). Suppose -z - 5534 = -w*r, 5*z - 7388 = -4*r + 4*z. List the prime factors of r.
2, 13, 71
Let j be 1452/120 - 12 - (-1598)/20. Let v be (-72)/(-2) - (3 - 4). Suppose -v*r = -35*r - j. What are the prime factors of r?
2, 5
Let u(g) = -11*g - 3276. Let v(d) = -4*d - 1092. Let m(t) = -6*u(t) + 17*v(t). Let i be m(0). Suppose 9*a = 447 + i. List the prime factors of a.
3, 19
Suppose 0 = 5*g - 27 - 23. Let u be -4 + g/3 - (-4)/(-3). List the prime factors of 6/9*(u + 5).
2
Let f = -14429 - -26740. List the prime factors of f.
13,